22 and 30.
6
What is the greatest common factor of 21 and 17283?
21
Calculate the greatest common divisor of 235 and 2303.
47
Calculate the highest common divisor of 649 and 177.
59
Calculate the greatest common divisor of 895 and 1432.
179
Calculate the highest common factor of 15 and 522.
3
What is the highest common factor of 312 and 117?
39
What is the highest common factor of 364 and 448?
28
Calculate the greatest common factor of 644 and 28.
28
Calculate the highest common factor of 42 and 2184.
42
What is the greatest common factor of 3211 and 38?
19
What is the greatest common factor of 1347 and 6?
3
Calculate the greatest common factor of 20 and 196.
4
Calculate the highest common divisor of 2001 and 2484.
69
Calculate the highest common factor of 27 and 153.
9
Calculate the greatest common divisor of 10 and 6610.
10
What is the highest common factor of 24 and 408?
24
What is the highest common factor of 4968 and 135?
27
Calculate the greatest common factor of 308 and 56.
28
What is the highest common factor of 1323 and 98?
49
Calculate the greatest common factor of 42 and 12.
6
What is the highest common divisor of 7 and 133?
7
Calculate the greatest common divisor of 576 and 64.
64
What is the highest common divisor of 25774 and 98?
98
What is the highest common factor of 930 and 279?
93
Calculate the highest common factor of 147 and 98.
49
Calculate the highest common factor of 25 and 15.
5
What is the greatest common factor of 4 and 422?
2
Calculate the greatest common factor of 1513 and 356.
89
What is the greatest common divisor of 23 and 93357?
23
What is the highest common factor of 3663 and 55?
11
Calculate the highest common divisor of 76 and 184.
4
What is the greatest common factor of 12 and 588?
12
Calculate the highest common factor of 12 and 132.
12
What is the greatest common divisor of 486 and 22?
2
Calculate the highest common factor of 4206 and 96.
6
Calculate the highest common divisor of 684 and 36.
36
Calculate the highest common factor of 8 and 170.
2
Calculate the greatest common divisor of 84 and 189.
21
What is the greatest common divisor of 976 and 366?
122
Calculate the greatest common factor of 22 and 6644.
22
Calculate the greatest common factor of 575 and 46.
23
What is the greatest common divisor of 10 and 320?
10
Calculate the greatest common factor of 124 and 48236.
124
What is the highest common factor of 1081 and 1196?
23
What is the highest common divisor of 80 and 380?
20
Calculate the highest common divisor of 637 and 2275.
91
What is the highest common divisor of 32 and 984?
8
What is the greatest common divisor of 1 and 1093?
1
Calculate the greatest common factor of 32 and 20.
4
What is the greatest common factor of 77 and 297?
11
What is the greatest common factor of 6 and 34?
2
Calculate the highest common divisor of 693 and 759.
33
What is the greatest common divisor of 159 and 36093?
159
What is the highest common divisor of 342 and 72?
18
Calculate the highest common divisor of 65 and 169.
13
What is the highest common factor of 44996 and 56?
28
What is the greatest common factor of 68 and 17?
17
What is the greatest common factor of 62130 and 15?
15
Calculate the greatest common factor of 3807 and 47.
47
Calculate the highest common divisor of 540 and 990.
90
What is the highest common factor of 27 and 36?
9
Calculate the greatest common divisor of 30 and 2950.
10
Calculate the highest common divisor of 22572 and 152.
76
What is the highest common factor of 9351 and 99?
9
What is the highest common factor of 584 and 24?
8
Calculate the highest common divisor of 21 and 84.
21
Calculate the highest common factor of 47 and 799.
47
Calculate the greatest common divisor of 20375 and 125.
125
Calculate the highest common divisor of 406 and 14.
14
Calculate the highest common factor of 80 and 140.
20
What is the greatest common factor of 24 and 2808?
24
What is the highest common factor of 969 and 171?
57
What is the highest common factor of 10841 and 37?
37
What is the highest common factor of 40 and 90?
10
What is the greatest common factor of 4 and 986?
2
What is the greatest common divisor of 1421 and 29?
29
What is the greatest common factor of 280 and 80?
40
Calculate the greatest common factor of 948 and 60.
12
What is the highest common divisor of 214 and 2675?
107
What is the highest common divisor of 6 and 39?
3
What is the highest common factor of 42 and 1134?
42
Calculate the highest common divisor of 4122 and 36.
18
Calculate the greatest common factor of 97 and 1.
1
What is the highest common factor of 48 and 552?
24
Calculate the greatest common factor of 350 and 182.
14
What is the greatest common factor of 260 and 494?
26
Calculate the highest common divisor of 93 and 2201.
31
Calculate the greatest common divisor of 4 and 12316.
4
What is the highest common divisor of 8177 and 34?
17
Calculate the highest common divisor of 1472 and 64.
64
What is the greatest common factor of 25 and 185?
5
What is the greatest common divisor of 4 and 724?
4
Calculate the highest common divisor of 76 and 114.
38
What is the highest common divisor of 8576 and 128?
128
Calculate the highest common divisor of 128 and 6336.
64
What is the greatest common factor of 62 and 4619?
31
Calculate the highest common factor of 3775 and 151.
151
Calculate the highest common factor of 760 and 120.
40
Calculate the highest common factor of 75 and 12875.
25
Calculate the greatest common divisor of 583 and 848.
53
Calculate the highest common divisor of 52 and 4.
4
What is the highest common divisor of 4588 and 62?
62
What is the highest common factor of 3868 and 20?
4
What is the highest common factor of 3064 and 1?
1
Calculate the greatest common divisor of 592 and 48.
16
What is the greatest common divisor of 5632 and 176?
176
Calculate the greatest common divisor of 375 and 6075.
75
Calculate the highest common divisor of 144 and 6282.
18
What is the greatest common divisor of 238 and 343?
7
What is the highest common factor of 58 and 10730?
58
What is the greatest common factor of 1617 and 33?
33
Calculate the highest common divisor of 24 and 3928.
8
Calculate the highest common factor of 54 and 6.
6
Calculate the highest common factor of 57 and 209.
19
What is the greatest common divisor of 2985 and 15?
15
What is the highest common factor of 667 and 92?
23
Calculate the highest common divisor of 55 and 165.
55
Calculate the highest common divisor of 1763 and 41.
41
Calculate the greatest common divisor of 630 and 36.
18
Calculate the greatest common factor of 2046 and 4026.
66
Calculate the highest common divisor of 244 and 61.
61
What is the highest common divisor of 80 and 220?
20
What is the greatest common divisor of 240 and 72?
24
What is the greatest common factor of 19700 and 500?
100
Calculate the highest common factor of 4218 and 18.
6
What is the greatest common divisor of 16252 and 85?
17
What is the highest common factor of 16248 and 24?
24
Calculate the highest common factor of 352 and 3608.
88
Calculate the highest common divisor of 135 and 85.
5
What is the highest common factor of 26 and 1586?
26
Calculate the greatest common factor of 174 and 1479.
87
What is the highest common factor of 1541 and 67?
67
Calculate the highest common factor of 40 and 1940.
20
Calculate the highest common divisor of 342 and 198.
18
What is the highest common divisor of 500 and 120?
20
What is the greatest common divisor of 238 and 2227?
17
What is the greatest common divisor of 284 and 18034?
142
What is the greatest common factor of 205 and 82?
41
What is the highest common factor of 15 and 960?
15
Calculate the highest common divisor of 80 and 680.
40
What is the greatest common divisor of 2 and 29?
1
Calculate the highest common factor of 20 and 40.
20
What is the highest common factor of 430 and 20?
10
What is the greatest common factor of 1730 and 70?
10
What is the highest common factor of 134 and 2?
2
What is the greatest common divisor of 7 and 13853?
7
What is the greatest common divisor of 36 and 192?
12
Calculate the highest common factor of 288 and 6192.
144
Calculate the highest common divisor of 16 and 432.
16
Calculate the greatest common divisor of 13 and 43940.
13
What is the greatest c